{"id":1168,"date":"2022-03-16T20:18:20","date_gmt":"2022-03-16T20:18:20","guid":{"rendered":"https:\/\/aleksandrakurendietetyk.pl\/?page_id=1168"},"modified":"2022-03-16T20:18:20","modified_gmt":"2022-03-16T20:18:20","slug":"regulamin","status":"publish","type":"page","link":"https:\/\/aleksandrakurendietetyk.pl\/index.php\/regulamin\/","title":{"rendered":"REGULAMIN"},"content":{"rendered":"<p><strong>Obowi\u0105zuje od dnia 07.03.2022<\/strong><\/p>\n<p>Regulamin ustala zasady korzystania z serwisu\u00a0<u>www.aleksandrakurendietetyk.pl<\/u>\u00a0dost\u0119pnego na stronie internetowej\u00a0<a href=\"http:\/\/www.aleksandrakurendietetyk.pl\">www.aleksandrakurendietetyk.pl<\/a> oraz zasady udzielania us\u0142ug z zakresu poradnictwa dietetyczno-\u017cywieniowego \u015bwiadczonych przez W\u0142a\u015bciciela serwisu <a href=\"http:\/\/www.aleksandrakurendietetyk.pl\">www.aleksandrakurendietetyk.pl<\/a><\/p>\n<p>Okre\u015blenia u\u017cyte w niniejszym Regulaminie oznaczaj\u0105:<\/p>\n<ol>\n<li>Administrator\u00a0\u2013 podmiot, kt\u00f3ry \u015bwiadczy us\u0142ug\u0119 udost\u0119pniania zasob\u00f3w serwisu\u00a0<u>www.aleksandrakurendietetyk.pl <\/u>na rzecz U\u017cytkownik\u00f3w serwisu www.aleksandrakurendietetyk.pl<\/li>\n<li>Regulamin\u00a0&#8211; Regulamin \u015bwiadczenia us\u0142ug drog\u0105 elektroniczn\u0105 za po\u015brednictwem strony internetowej www.aleksandrakurendietetyk.pl<\/li>\n<li>U\u017cytkownik\u00a0&#8211; osoba fizyczna korzystaj\u0105ca z zasob\u00f3w portalu\/serwisu i\/lub dokonuj\u0105ca rezerwacji wizyty u Dietetyka<\/li>\n<li>Dietetyk \u2013 Aleksandra Kure\u0144, adres zamieszkania Wojkowa 12, 33-370 Muszyna. Adres mail: <a href=\"mailto:aleksandrakuren.dietetyk@gmail.com\">aleksandrakuren.dietetyk@gmail.com<\/a> \u015bwiadcz\u0105ca us\u0142ugi w postaci przeprowadzania wizyt, opracowywania planu \u017cywieniowego oraz bie\u017c\u0105cego kontaktu z U\u017cytkownikiem.<\/li>\n<li>Serwis\u00a0\u2013 Platforma internetowa umieszczona pod adresem\u00a0www.aleksandrakurendietetyk.pl skierowana do\u00a0U\u017cytkownik\u00f3w, \u015bwiadczy us\u0142ugi dotycz\u0105ce komponowania indywidualnych plan\u00f3w dietetycznych.<\/li>\n<li>Zbi\u00f3r danych\u00a0\u2013 wszelkie informacje zamieszczane przez Administratora oraz U\u017cytkownik\u00f3w w serwisie www.aleksandrakurendietetyk.pl w formie tekstowej (wypowiedzi, komentarze, przepisy, jad\u0142ospisy, warto\u015bci kaloryczne i od\u017cywcze produkt\u00f3w i potraw), zdj\u0119cia, grafiki oraz innych akceptowalnych niniejszym Regulaminem.<\/li>\n<\/ol>\n<p>&nbsp;<\/p>\n<p>Postanowienia og\u00f3lne<\/p>\n<ol>\n<li>Przedmiotem dzia\u0142alno\u015bci\u00a0Serwisu\u00a0jest umo\u017cliwienie\u00a0U\u017cytkownikom\u00a0dost\u0119pu do zakupu wybranych pakiet\u00f3w diet, korzystania z opracowanych jad\u0142ospis\u00f3w oraz do szeroko rozumianych wiadomo\u015bci dietetycznych, o charakterze edukacyjno informacyjnym.<\/li>\n<li>W\u0142a\u015bcicielem\u00a0Serwisu\u00a0www.aleksandrakurendietetyk.pl\u00a0z siedzib\u0105 w Wojkowej 12, 33-370 Muszyna jest Aleksandra Kure\u0144 (Dietetyk)<\/li>\n<li>Nazwa\u00a0Serwisu, jego koncepcja, wygl\u0105d graficzny, oprogramowanie oraz baza danych podlegaj\u0105 ochronie prawnej.<\/li>\n<li>Niezb\u0119dne dla korzystania z\u00a0Serwisu\u00a0jest posiadanie przez U\u017cytkownika urz\u0105dzenia posiadaj\u0105cego dost\u0119p do sieci Internet, w\u0142\u0105cznie z programem umo\u017cliwiaj\u0105cym przegl\u0105danie jego zasob\u00f3w, akceptuj\u0105cym pliki cookies i udost\u0119pniaj\u0105cym konto poczty e-mail.<\/li>\n<li>Administrator nie ponosi odpowiedzialno\u015bci za utrat\u0119 danych, przerwy w dzia\u0142aniu\u00a0Serwisu, spowodowane awariami sprz\u0119tu lub z winy os\u00f3b trzecich.<\/li>\n<li>Serwis\u00a0ma charakter informacyjny. Jego zawarto\u015b\u0107 stanowi subiektywny zbi\u00f3r informacji zebranych z r\u00f3\u017cnych \u017ar\u00f3de\u0142. Zawarte w serwisie tre\u015bci oraz spos\u00f3b ich przekazania, nie stanowi\u0105 czynno\u015bci z zakresu \u015bwiadczenia pomocy medycznej, doradztwa medycznego lub doradztwa dietetyczno\/\u017cywieniowego, b\u0105d\u017a innego doradztwa. Zawarte w serwisie interpretacje, porady, dane i innego rodzaju informacje nie powinny stanowi\u0107 wy\u0142\u0105cznej podstawy przy podejmowaniu decyzji medycznych i \u017cywieniowych. Przed zastosowaniem jakichkolwiek porad otrzymanych za po\u015brednictwem portalu, wymagana jest konsultacja z lekarzem.<\/li>\n<li>Stosowanie zalecanej diety wykupionej na stronie www.aleksandrakurendietetyk.pl jest dobrowolne i na w\u0142asn\u0105 odpowiedzialno\u015b\u0107. Przed przyst\u0105pieniem do jakiegokolwiek programu dietetycznego, nale\u017cy zasi\u0119gn\u0105\u0107 porady lekarza i wykona\u0107 badania niezb\u0119dne do oceny stanu zdrowia.<\/li>\n<li>Wszystkie dost\u0119pne dane (kaloryczno\u015b\u0107, warto\u015bci od\u017cywcze) dotycz\u0105ce produkt\u00f3w\/przepis\u00f3w s\u0105 danymi sugerowanymi i mog\u0105 si\u0119 nieznacznie r\u00f3\u017cni\u0107.<\/li>\n<li>Zabrania si\u0119 udost\u0119pniania indywidualnych jad\u0142ospis\u00f3w, przepis\u00f3w lub innych informacji zawartych w planach \u017cywieniowych.<\/li>\n<li>Administrator\u00a0zastrzega sobie prawo do dowolnej modyfikacji us\u0142ug, narz\u0119dzi oraz sposobu dzia\u0142ania\u00a0Serwisu, w tym usuni\u0119cia wszelkich zgromadzonych w bazie danych, zaprzestania dzia\u0142alno\u015bci, przeniesienia praw do\u00a0Serwisu\u00a0oraz podj\u0119cia wszelkich dozwolonych przez prawo czynno\u015bci zwi\u0105zanych z\u00a0Serwisem.<\/li>\n<li>W przypadku naruszenia prawa do prywatno\u015bci innego\u00a0U\u017cytkownika\u00a0lub Osoby przez jakikolwiek materia\u0142 zamieszczony w serwisie, \u00a0Administrator\u00a0powinien zosta\u0107 o tym poinformowany.\u00a0Administrator\u00a0wezwie\u00a0U\u017cytkownika\u00a0naruszaj\u0105cego dobra osobiste do dobrowolnego zaprzestania ich naruszania. W przypadku braku reakcji ze strony\u00a0U\u017cytkownika, \u00a0Administrator\u00a0mo\u017ce usun\u0105\u0107 materia\u0142 ze strony w ci\u0105gu siedmiu dni od daty zg\u0142oszenia. U\u017cytkownik\u00a0nie posiada \u017cadnego prawa do roszcze\u0144 wzgl\u0119dem\u00a0Administratora\u00a0lub\/i w\u0142a\u015bciciela\u00a0Serwisu.<\/li>\n<li>Administrator\u00a0posiada prawo do wprowadzenia odp\u0142atnych us\u0142ug, kt\u00f3re wykonuje na rzecz\u00a0U\u017cytkownika\u00a0po wniesieniu przez niego op\u0142aty zgodnej z obowi\u0105zuj\u0105cym cennikiem.<\/li>\n<li>U\u017cytkownikowi\u00a0zabrania si\u0119 publikowa\u0107 w serwisie www.aleksandrakurendietetyk.pl adres\u00f3w stron internetowych, grafiki, tekst\u00f3w, oferuj\u0105cych us\u0142ugi konkurencyjne wobec us\u0142ug\u00a0Serwisu.<\/li>\n<li>U\u017cytkownik\u00a0umieszczaj\u0105c swoje dane lub inne tre\u015bci wyra\u017ca zgod\u0119 na dost\u0119p do tych informacji przez innych\u00a0U\u017cytkownik\u00f3w oraz\u00a0Administratora, oraz upowa\u017cnia\u00a0Administratora\u00a0do ich nieodp\u0142atnego wykorzystania zgodnie z\u00a0Regulaminem\u00a0na potrzeby \u015bwiadczenia us\u0142ug w\u00a0Serwisie. Zrzeka si\u0119 tym samym wszelkich roszcze\u0144 w stosunku do\u00a0Administratora\u00a0w przypadku ich wykorzystania, w tym kopiowania w celach zwi\u0105zanych z dzia\u0142alno\u015bci\u0105\u00a0 Serwisu oraz usuni\u0119cia z\u00a0Serwisu.<\/li>\n<li>Administrator\u00a0zastrzega, i\u017c koszty po\u0142\u0105czenia z Internetem oraz\u00a0U\u017cytkowaniem\u00a0rzeczy, z kt\u00f3rych\u00a0U\u017cytkownik\u00a0korzysta z us\u0142ug\u00a0Serwisu, nie obci\u0105\u017caj\u0105\u00a0Administratora.<\/li>\n<li>Akceptacja\u00a0Regulaminu\u00a0jest konieczna, aby korzysta\u0107 z Serwisu.<\/li>\n<\/ol>\n<p>&nbsp;<\/p>\n<p>Op\u0142aty<\/p>\n<ol>\n<li>Serwis nie posiada mo\u017cliwo\u015bci zakupu diet przez\u00a0U\u017cytkownika. Op\u0142aty za zam\u00f3wione us\u0142ugi dokonywane s\u0105 drog\u0105 przelewu bankowego na indywidualny numer konta przes\u0142any U\u017cytkownikowi na adres mailowy po dokonaniu rezerwacji wizyty dokonanej przez serwis zewn\u0119trzny.<\/li>\n<li>\u017badne koszty nie s\u0105 naliczane bez wiedzy\u00a0U\u017cytkownika.<\/li>\n<li>Wizyta odbywa si\u0119 po jej op\u0142aceniu przez U\u017cytkownika. Potwierdzenie op\u0142aty stanowi potwierdzenie przelewu przes\u0142ane drog\u0105 mailow\u0105, na adres <a href=\"mailto:aleksandrakuren.dietetyk@gmail.com\">aleksandrakuren.dietetyk@gmail.com<\/a> lub zaksi\u0119gowanie wp\u0142aty na koncie Dietetyka<\/li>\n<li>W przypadku braku dokonania wp\u0142aty i jej potwierdzenia w ww. spos\u00f3b w dniu poprzedzaj\u0105cym wizyt\u0119, wizyta zostaje automatycznie anulowana.<\/li>\n<li>W przypadku wizyt umawianych na dzie\u0144, w kt\u00f3rym dokonywana jest rezerwacja, mo\u017cliwe jest jej op\u0142acenie w terminie p\u00f3\u017aniejszym ni\u017c wymieniony w punkcie 4, wymaga to jednak mailowego uzgodnienia z Dietetykiem.<\/li>\n<li>Dane do dokonania przelewu s\u0105 przesy\u0142ane na podany podczas rejestracji adres mailowy U\u017cytkownika maksymalnie 24 godziny po dokonaniu rezerwacji wizyty.<\/li>\n<\/ol>\n<p>&nbsp;<\/p>\n<p>Odwo\u0142ywanie wizyt<\/p>\n<ol>\n<li>Um\u00f3wion\u0105 wizyt\u0119 mo\u017cna anulowa\u0107 maksymalnie 24 godziny przed jej terminem. Aby odwo\u0142a\u0107 wizyt\u0119, U\u017cytkownik wysy\u0142a pro\u015bb\u0119 o anulowanie wizyty na adres mailowy <a href=\"mailto:aleksandrakuren.dietetyk@gmail.com\">aleksandrakuren.dietetyk@gmail.com<\/a><\/li>\n<li>W przypadku braku odwo\u0142ania wizyty lub jej odwo\u0142ania mniej ni\u017c 24 godziny przed zaplanowanym terminem wizyty, U\u017cytkownik zrzeka si\u0119 roszcze\u0144 do zwrotu wniesionej za wizyt\u0119 op\u0142aty.<\/li>\n<\/ol>\n<p>&nbsp;<\/p>\n<p>Przebieg wizyty<\/p>\n<ol>\n<li>Wizyta odbywa si\u0119 online, z wykorzystaniem sprz\u0119tu do przekazywania obrazu oraz d\u017awi\u0119ku.<\/li>\n<li>Wizyta odbywa si\u0119 przy pomocy portalu zewn\u0119trznego, niewymagaj\u0105cego rejestracji ze strony U\u017cytkownika. Adres i nazwa portalu, za po\u015brednictwem kt\u00f3rego odbywa si\u0119 wizyta zostaj\u0105 przekazane U\u017cytkownikowi maksymalnie 24 godziny po rezerwacji terminu wizyty, na adres mailowy podany w trakcie rezerwacji wizyty.<\/li>\n<li>Link do wizyty zostaje przes\u0142any U\u017cytkownikowi maksymalnie 24 godziny przed wizyt\u0105, na podany w trakcie rejestracji adres mailowy U\u017cytkownika.<\/li>\n<li>Czas trwania wizyty jest zgodny z zawartym na stronie Cennikiem. Istnieje mo\u017cliwo\u015b\u0107 skr\u00f3cenia wizyty je\u017celi taka jest wola U\u017cytkownika lub wsp\u00f3lna decyzja U\u017cytkownika i Dietetyka.<\/li>\n<\/ol>\n<p>&nbsp;<\/p>\n<p>Indywidualny plan \u017cywieniowy<\/p>\n<ol>\n<li>Indywidualny plan \u017cywieniowy (m.in. zalecenia, jad\u0142ospis, lista zakup\u00f3w \u2013 zale\u017cnie od wybranej us\u0142ugi) uk\u0142adany jest na podstawie przekazanych przez U\u017cytkownika w trakcie wizyty online danych dot. stanu zdrowia, preferencji i innych.<\/li>\n<li>Jad\u0142ospis uk\u0142adany jest wed\u0142ug danych pozyskanych w trakcie wizyty online, takich jak preferencje \u017cywieniowe, specjalne diety czy alergie i nietolerancje pokarmowe. Dietetyk zastrzega sobie powtarzanie potraw w ramach jednego jad\u0142ospisu, zgodnie z informacjami zawartymi w Cenniku zawartym w Serwisie <a href=\"http:\/\/www.aleksandrakurendietetyk.pl\">www.aleksandrakurendietetyk.pl<\/a><\/li>\n<li>Termin realizacji indywidualnego planu \u017cywieniowego wynosi do 5 dni roboczych. Czas ten mo\u017ce ulec wyd\u0142u\u017ceniu w szczeg\u00f3lnych przypadkach, o kt\u00f3rych U\u017cytkownicy zostan\u0105 poinformowani. Spos\u00f3b przekazania indywidualnego planu \u017cywieniowego zostaje ustalony z U\u017cytkownikiem w trakcie wizyty.<\/li>\n<li>Indywidualny plan \u017cywienia nie mo\u017ce zast\u0119powa\u0107 wizyty u lekarza specjalisty. Przed zastosowaniem jakichkolwiek porad otrzymanych za po\u015brednictwem portalu, wymagana jest konsultacja z lekarzem.<\/li>\n<\/ol>\n<p>&nbsp;<\/p>\n<p>Kontakt z Dietetykiem<\/p>\n<ol>\n<li>Kontakt z Dietetykiem odbywa si\u0119 poprzez adres mailowy: aleksandrakuren.dietetyk.pl lub w innej, indywidualnie ustalonej z Dietetykiem formie.<\/li>\n<li>Dietetyk odpowiada na pytania dotycz\u0105ce otrzymanego planu \u017cywieniowego w zakresie okre\u015blonym w Cenniku zawartym w Serwisie <a href=\"http:\/\/www.aleksandrakurendietetyk.pl\">www.aleksandrakurendietetyk.pl<\/a><\/li>\n<li>Dietetyk zastrzega sobie prawo do nieudzielania odpowiedzi na pytania niemaj\u0105ce zwi\u0105zku z przeprowadzon\u0105 z U\u017cytkownikiem konsultacj\u0105 dietetyczn\u0105, otrzymanym przez niego planem \u017cywieniowym lub jad\u0142ospisem lub niemaj\u0105ce zwi\u0105zku z osob\u0105, dla kt\u00f3rej zosta\u0142 on przygotowany.<\/li>\n<li>Dietetyk nie udziela porad telefonicznych.<\/li>\n<\/ol>\n<p>&nbsp;<\/p>\n<p>Odpowiedzialno\u015b\u0107<\/p>\n<ol>\n<li>Kontaktuj\u0105c si\u0119 z\u00a0Serwisem poprzez formularz kontaktowy o\u015bwiadczasz ze zapozna\u0142e\u015b si\u0119 z Polityk\u0105 Prywatno\u015bci oraz niniejszym Regulaminem, kt\u00f3rego w czasie korzystania z Serwisu, jako U\u017cytkownik jest Pani\/Pan zobligowany\/a przestrzega\u0107. Wszystkie zgody na przetwarzanie danych zawartych podczas kontaktu poprzez formularz kontaktowy oraz zgod\u0119 na przesy\u0142anie drog\u0105 elektroniczn\u0105 ofert handlowych masz prawo wycofa\u0107.<\/li>\n<li>Administrator\u00a0zobowi\u0105zuje si\u0119 do zapewnienia jak najwy\u017cszej jako\u015bci \u015bwiadczonych us\u0142ug, oraz nie ponosi odpowiedzialno\u015bci za zak\u0142\u00f3cenia w funkcjonowaniu\u00a0Serwisu\u00a0wywo\u0142ane si\u0142\u0105 wy\u017csz\u0105, awari\u0105 sprz\u0119tu lub niedozwolon\u0105 ingerencj\u0105\u00a0U\u017cytkownik\u00f3w<\/li>\n<li>Administrator\u00a0nie ponosi odpowiedzialno\u015bci za czasow\u0105 niemo\u017cno\u015b\u0107 korzystania przez\u00a0U\u017cytkownik\u00f3w\u00a0z funkcji Serwisu, wynikaj\u0105c\u0105 z dokonywania zmian i ulepsze\u0144 w systemie.<\/li>\n<li>Administrator\u00a0oraz podmiot zarz\u0105dzaj\u0105cy\u00a0Serwisem\u00a0nie ponosz\u0105 \u017cadnej odpowiedzialno\u015bci za tre\u015bci i grafik\u0119 przekazywane i publikowane przez\u00a0U\u017cytkownik\u00f3w\u00a0i zastrzega sobie prawo do: redagowania, skracania tekst\u00f3w b\u0105d\u017a usuni\u0119cia tre\u015bci zabronionych przez prawo (wulgarnych, obra\u017aliwych).\u00a0U\u017cytkownik\u00a0zamieszczaj\u0105cy tre\u015bci niedozwolone mo\u017ce ponie\u015b\u0107 odpowiedzialno\u015b\u0107 karn\u0105 oraz cywiln\u0105 wzgl\u0119dem Administratora\u00a0b\u0105d\u017a innych Os\u00f3b.<\/li>\n<li>Administrator\u00a0nie ponosi odpowiedzialno\u015bci za dzia\u0142ania innych os\u00f3b, ani za wykorzystanie przez nich danych\u00a0U\u017cytkownik\u00f3w\u00a0niezgodnie z celem dzia\u0142ania\u00a0Serwisu.<\/li>\n<li>W przypadku zg\u0142oszenia przez osoby trzecie jakichkolwiek roszcze\u0144 wobec Administratora\u00a0lub\/i osoby zarz\u0105dzaj\u0105cej\u00a0Serwisem\u00a0z tytu\u0142u naruszenia prawa (w tym praw autorskich, praw do znaku towarowego, zasad uczciwej konkurencji, zasad wsp\u00f3\u0142\u017cycia spo\u0142ecznego), d\u00f3br osobistych (w tym praw do wizerunku) przez zamieszczenie przez\u00a0U\u017cytkownika\u00a0materia\u0142\u00f3w w\u00a0Serwisie\u2013\u00a0U\u017cytkownik\u00a0zobowi\u0105zuje si\u0119 do podj\u0119cia na sw\u00f3j koszt i ryzyko wszelkich krok\u00f3w prawnych zapewniaj\u0105cych nale\u017cyt\u0105 ochron\u0119\u00a0Administratora\u00a0lub\/i podmiotu zarz\u0105dzaj\u0105cego Serwisem\u00a0przed takimi roszczeniami. W szczeg\u00f3lno\u015bci zobowi\u0105zuje si\u0119 wyst\u0105pi\u0107 jako pozwany w miejsce Administratora\u00a0lub\/i podmiotu zarz\u0105dzaj\u0105cego\u00a0Serwisem\u00a0lub w przypadku braku takiej mo\u017cliwo\u015bci przyst\u0105pi\u0107 po stronie\u00a0Administratora\u00a0lub\/i podmiotu zarz\u0105dzaj\u0105cego\u00a0Serwisem\u00a0do wszelkich post\u0119powa\u0144 tocz\u0105cych si\u0119 przeciwko\u00a0Administratorowi\u00a0lub\/i podmiotowi zarz\u0105dzaj\u0105cego\u00a0Serwisem. Zobowi\u0105zuje si\u0119 tak\u017ce zwolni\u0107\u00a0Administratora\u00a0lub\/i podmiotu zarz\u0105dzaj\u0105cego\u00a0Serwisem\u00a0z odpowiedzialno\u015bci zgodnie z art. 392 Kodeksu Cywilnego oraz pokry\u0107 wszelkie koszty, jakie\u00a0Administrator\u00a0lub\/i podmiotu zarz\u0105dzaj\u0105cego\u00a0Serwisem poniesie lub jakie b\u0119dzie zobowi\u0105zany zap\u0142aci\u0107 osobie trzeciej w zwi\u0105zku z roszczeniem lub pozwem s\u0105dowym o naruszenie prawa autorskiego, d\u00f3br osobistych, praw pokrewnych lub praw do znaku towarowego i wszelkich innych praw, jakie ta osoba zg\u0142osi w zwi\u0105zku z naruszeniem jej praw.<\/li>\n<\/ol>\n<p>&nbsp;<\/p>\n<p>Przepisy ko\u0144cowe<\/p>\n<ol>\n<li>Administrator\u00a0posiada prawo do jednostronnej zmiany postanowie\u0144\u00a0Regulaminu\u00a0w ka\u017cdej chwili i bez konieczno\u015bci uzasadniania przyczyny.<\/li>\n<li>Regulamin\u00a0obowi\u0105zuje od dnia zamieszczenia na stronie internetowej\u00a0<a href=\"http:\/\/www.aleksandrakurendietetyk.pl\">www.aleksandrakurendietetyk.pl<\/a>przez czas nieokre\u015blony.<\/li>\n<li>Regulamin\u00a0jest dost\u0119pny na stronie internetowej\u00a0<a href=\"http:\/\/www.aleksandrakurendietetyk.pl\">www.aleksandrakurendietetyk.pl<\/a><\/li>\n<li>W przypadku dokonania zmian w\u00a0Regulaminie, Administrator\u00a0zobowi\u0105zany jest do poinformowania\u00a0U\u017cytkownik\u00f3w\u00a0przez portal <a href=\"http:\/\/www.aleksandrakurendietetyk.pl\">www.aleksandrakurendietetyk.pl<\/a><\/li>\n<li>W przypadku jakiejkolwiek zmiany lub uniewa\u017cnienia, wskutek prawomocnego orzeczenia s\u0105du, kt\u00f3regokolwiek z postanowie\u0144 niniejszego Regulaminu, pozosta\u0142e jego postanowienia pozostaj\u0105 w mocy i wi\u0105\u017c\u0105 strony.<\/li>\n<\/ol>\n<p>&nbsp;<\/p>\n","protected":false},"excerpt":{"rendered":"<p>Obowi\u0105zuje od dnia 07.03.2022 Regulamin ustala zasady korzystania z serwisu\u00a0www.aleksandrakurendietetyk.pl\u00a0dost\u0119pnego [&hellip;]<\/p>\n","protected":false},"author":1,"featured_media":0,"parent":0,"menu_order":0,"comment_status":"closed","ping_status":"closed","template":"","meta":[],"_links":{"self":[{"href":"https:\/\/aleksandrakurendietetyk.pl\/index.php\/wp-json\/wp\/v2\/pages\/1168"}],"collection":[{"href":"https:\/\/aleksandrakurendietetyk.pl\/index.php\/wp-json\/wp\/v2\/pages"}],"about":[{"href":"https:\/\/aleksandrakurendietetyk.pl\/index.php\/wp-json\/wp\/v2\/types\/page"}],"author":[{"embeddable":true,"href":"https:\/\/aleksandrakurendietetyk.pl\/index.php\/wp-json\/wp\/v2\/users\/1"}],"replies":[{"embeddable":true,"href":"https:\/\/aleksandrakurendietetyk.pl\/index.php\/wp-json\/wp\/v2\/comments?post=1168"}],"version-history":[{"count":1,"href":"https:\/\/aleksandrakurendietetyk.pl\/index.php\/wp-json\/wp\/v2\/pages\/1168\/revisions"}],"predecessor-version":[{"id":1169,"href":"https:\/\/aleksandrakurendietetyk.pl\/index.php\/wp-json\/wp\/v2\/pages\/1168\/revisions\/1169"}],"wp:attachment":[{"href":"https:\/\/aleksandrakurendietetyk.pl\/index.php\/wp-json\/wp\/v2\/media?parent=1168"}],"curies":[{"name":"wp","href":"https:\/\/api.w.org\/{rel}","templated":true}]}}