{"id":307,"date":"2019-10-28T08:28:07","date_gmt":"2019-10-28T08:28:07","guid":{"rendered":"https:\/\/aleksandrakurendietetyk.pl\/?page_id=307"},"modified":"2023-11-03T15:39:02","modified_gmt":"2023-11-03T15:39:02","slug":"cennik","status":"publish","type":"page","link":"https:\/\/aleksandrakurendietetyk.pl\/index.php\/cennik\/","title":{"rendered":"Cennik"},"content":{"rendered":"<p><div class=\"fusion-fullwidth fullwidth-box fusion-builder-row-1 fusion-flex-container fusion-parallax-none nonhundred-percent-fullwidth non-hundred-percent-height-scrolling lazyload\" style=\"background-color: rgba(255,255,255,0);background-image:linear-gradient(0deg, hsla(var(--awb-color5-h),var(--awb-color5-s),var(--awb-color5-l),calc(var(--awb-color5-a) - 20%)) 0%,hsla(var(--awb-color8-h),var(--awb-color8-s),calc( var(--awb-color8-l) - 20% ),calc( var(--awb-color8-a) - 62% )) 100%);background-position: center top;background-repeat: no-repeat;border-width: 0px 0px 0px 0px;border-color:var(--awb-color7);border-style:solid;-webkit-background-size:cover;-moz-background-size:cover;-o-background-size:cover;background-size:cover;\" data-bg=\"https:\/\/aleksandrakurendietetyk.pl\/wp-content\/uploads\/2022\/03\/o-mnie-dol-strony.jpg\" data-bg-gradient=\"linear-gradient(0deg, hsla(var(--awb-color5-h),var(--awb-color5-s),var(--awb-color5-l),calc(var(--awb-color5-a) - 20%)) 0%,hsla(var(--awb-color8-h),var(--awb-color8-s),calc( var(--awb-color8-l) - 20% ),calc( var(--awb-color8-a) - 62% )) 100%)\" ><div class=\"fusion-builder-row fusion-row fusion-flex-align-items-flex-start\" style=\"max-width:calc( 1140px + 0px );margin-left: calc(-0px \/ 2 );margin-right: calc(-0px \/ 2 );\"><div class=\"fusion-layout-column fusion_builder_column fusion-builder-column-0 fusion_builder_column_1_1 1_1 fusion-flex-column fusion-animated\" data-animationType=\"fadeInUp\" data-animationDuration=\"1.0\" data-animationOffset=\"top-into-view\"><div class=\"fusion-column-wrapper fusion-flex-justify-content-flex-start fusion-content-layout-column\" style=\"background-position:center center;background-repeat:no-repeat;-webkit-background-size:cover;-moz-background-size:cover;-o-background-size:cover;background-size:cover;padding: 0px 0px 0px 0px;\"><style type=\"text\/css\">@media only screen and (max-width:1024px) {.fusion-title.fusion-title-1{margin-top:0px!important; margin-right:0px!important;margin-bottom:0px!important;margin-left:0px!important;}}@media only screen and (max-width:640px) {.fusion-title.fusion-title-1{margin-top:0px!important; margin-right:0px!important;margin-bottom:0px!important; margin-left:0px!important;}}<\/style><div class=\"fusion-title title fusion-title-1 fusion-sep-none fusion-title-center fusion-title-text fusion-title-size-one\" style=\"margin-top:0px;margin-right:0px;margin-bottom:0px;margin-left:0px;\"><h1 class=\"title-heading-center fusion-responsive-typography-calculated\" style=\"margin:0;--fontSize:100;line-height:var(--awb-typography1-line-height);\">Cennik<\/h1><\/div><\/div><style type=\"text\/css\">.fusion-body .fusion-builder-column-0{width:100% !important;margin-top : 0px;margin-bottom : 0px;}.fusion-builder-column-0 > .fusion-column-wrapper {padding-top : 0px !important;padding-right : 0px !important;margin-right : 0px;padding-bottom : 0px !important;padding-left : 0px !important;margin-left : 0px;}@media only screen and (max-width:1024px) {.fusion-body .fusion-builder-column-0{width:100% !important;}.fusion-builder-column-0 > .fusion-column-wrapper {margin-right : 0px;margin-left : 0px;}}@media only screen and (max-width:640px) {.fusion-body .fusion-builder-column-0{width:100% !important;}.fusion-builder-column-0 > .fusion-column-wrapper {margin-right : 0px;margin-left : 0px;}}<\/style><\/div><\/div><style type=\"text\/css\">.fusion-body .fusion-flex-container.fusion-builder-row-1{ padding-top : 18%;margin-top : 0px;padding-right : ;padding-bottom : 12%;margin-bottom : 0px;padding-left : ;}<\/style><\/div><div class=\"fusion-fullwidth fullwidth-box fusion-builder-row-2 fusion-flex-container nonhundred-percent-fullwidth non-hundred-percent-height-scrolling\" style=\"background-color: rgba(255,255,255,0);background-position: center center;background-repeat: no-repeat;border-width: 0px 0px 0px 0px;border-color:var(--awb-color7);border-style:solid;\" ><div class=\"fusion-builder-row fusion-row fusion-flex-align-items-flex-start\" style=\"max-width:1185.6px;margin-left: calc(-4% \/ 2 );margin-right: calc(-4% \/ 2 );\"><div class=\"fusion-layout-column fusion_builder_column fusion-builder-column-1 fusion_builder_column_1_1 1_1 fusion-flex-column\"><div class=\"fusion-column-wrapper fusion-flex-justify-content-flex-start fusion-content-layout-column\" style=\"background-position:left top;background-repeat:no-repeat;-webkit-background-size:cover;-moz-background-size:cover;-o-background-size:cover;background-size:cover;padding: 0px 0px 0px 0px;\"><div class=\"fusion-content-boxes content-boxes columns row fusion-columns-1 fusion-columns-total-6 fusion-content-boxes-1 content-boxes-timeline-vertical content-left content-boxes-timeline-layout content-boxes-icon-with-title fusion-delayed-animation\" data-animation-delay=\"350\" data-animationOffset=\"top-into-view\" style=\"margin-top:0px;margin-bottom:0px;\"><style type=\"text\/css\">.fusion-content-boxes-1 .heading .content-box-heading {color:#1d1d1f;}\n\t\t\t\t\t.fusion-content-boxes-1 .fusion-content-box-hover .link-area-link-icon-hover .heading .content-box-heading,\n\t\t\t\t\t.fusion-content-boxes-1 .fusion-content-box-hover .link-area-link-icon-hover .heading .heading-link .content-box-heading,\n\t\t\t\t\t.fusion-content-boxes-1 .fusion-content-box-hover .link-area-box-hover .heading .content-box-heading,\n\t\t\t\t\t.fusion-content-boxes-1 .fusion-content-box-hover .link-area-box-hover .heading .heading-link .content-box-heading,\n\t\t\t\t\t.fusion-content-boxes-1 .fusion-content-box-hover .link-area-link-icon-hover.link-area-box .fusion-read-more,\n\t\t\t\t\t.fusion-content-boxes-1 .fusion-content-box-hover .link-area-link-icon-hover.link-area-box .fusion-read-more::after,\n\t\t\t\t\t.fusion-content-boxes-1 .fusion-content-box-hover .link-area-link-icon-hover.link-area-box .fusion-read-more::before,\n\t\t\t\t\t.fusion-content-boxes-1 .fusion-content-box-hover .fusion-read-more:hover:after,\n\t\t\t\t\t.fusion-content-boxes-1 .fusion-content-box-hover .fusion-read-more:hover:before,\n\t\t\t\t\t.fusion-content-boxes-1 .fusion-content-box-hover .fusion-read-more:hover,\n\t\t\t\t\t.fusion-content-boxes-1 .fusion-content-box-hover .link-area-box-hover.link-area-box .fusion-read-more,\n\t\t\t\t\t.fusion-content-boxes-1 .fusion-content-box-hover .link-area-box-hover.link-area-box .fusion-read-more::after,\n\t\t\t\t\t.fusion-content-boxes-1 .fusion-content-box-hover .link-area-box-hover.link-area-box .fusion-read-more::before,\n\t\t\t\t\t.fusion-content-boxes-1 .fusion-content-box-hover .link-area-link-icon-hover .icon .circle-no,\n\t\t\t\t\t.fusion-content-boxes-1 .heading .heading-link:hover .content-box-heading {\n\t\t\t\t\t\tcolor: #1d1d1f;\n\t\t\t\t\t}\n\t\t\t\t\t.fusion-content-boxes-1 .fusion-content-box-hover .link-area-box-hover .icon .circle-no {\n\t\t\t\t\t\tcolor: #1d1d1f !important;\n\t\t\t\t\t}.fusion-content-boxes-1 .fusion-content-box-hover .link-area-box.link-area-box-hover .fusion-content-box-button {background: hsla(var(--awb-color5-h),var(--awb-color5-s),calc(var(--awb-color5-l) + 10%),var(--awb-color5-a));color: var(--awb-color1);}.fusion-content-boxes-1 .fusion-content-box-hover .link-area-box.link-area-box-hover .fusion-content-box-button .fusion-button-text {color: var(--awb-color1);}\n\t\t\t\t\t.fusion-content-boxes-1 .fusion-content-box-hover .link-area-link-icon-hover .heading .icon > span {\n\t\t\t\t\t\tbackground-color: #1d1d1f !important;\n\t\t\t\t\t}\n\t\t\t\t\t.fusion-content-boxes-1 .fusion-content-box-hover .link-area-box-hover .heading .icon > span {\n\t\t\t\t\t\tborder-color: #1d1d1f !important;\n\t\t\t\t\t}\n\t\t\t\t\t\t.fusion-content-boxes-1 .fusion-content-box-hover .link-area-link-icon-hover.icon-hover-animation-pulsate .fontawesome-icon:after,\n\t\t\t\t\t\t.fusion-content-boxes-1 .fusion-content-box-hover .link-area-box-hover.icon-hover-animation-pulsate .fontawesome-icon:after,\n\t\t\t\t\t\t.fusion-content-boxes-1 .fusion-content-box-hover .link-area-link-icon-hover.icon-wrapper-hover-animation-pulsate .icon span:after,\n\t\t\t\t\t\t.fusion-content-boxes-1 .fusion-content-box-hover .link-area-box-hover.icon-wrapper-hover-animation-pulsate .icon span:after {\n\t\t\t\t\t\t\t-webkit-box-shadow:0 0 0 2px rgba(255,255,255,0.1), 0 0 10px 10px #1d1d1f, 0 0 0 10px rgba(255,255,255,0.5);\n\t\t\t\t\t\t\t-moz-box-shadow:0 0 0 2px rgba(255,255,255,0.1), 0 0 10px 10px #1d1d1f, 0 0 0 10px rgba(255,255,255,0.5);\n\t\t\t\t\t\t\tbox-shadow: 0 0 0 2px rgba(255,255,255,0.1), 0 0 10px 10px #1d1d1f, 0 0 0 10px rgba(255,255,255,0.5);\n\t\t\t\t\t\t}\n\t\t\t\t\t<\/style><div class=\"fusion-column content-box-column content-box-column content-box-column-1 col-lg-12 col-md-12 col-sm-12 fusion-content-box-hover content-box-column-last-in-row\"><div class=\"col content-box-wrapper content-wrapper-background link-area-link-icon content-icon-wrapper-yes icon-wrapper-hover-animation-pulsate fusion-animated\" style=\"background-color:#f1f4f6;\" data-animationType=\"fadeIn\" data-animationDuration=\"0.25\" data-animationOffset=\"top-into-view\"><div class=\"heading heading-with-icon icon-left\" style=\"margin-top:11px;\"><div class=\"icon\" style=\"margin-top:-11px;margin-bottom:-11px;-webkit-animation-duration: 350ms;animation-duration: 350ms;\"><span style=\"height:48px;width:48px;line-height:24px;border-color:#ad1f5f;border-width:1px;border-style:solid;background-color:#ad1f5f;margin-right:20px;box-sizing:content-box;border-radius:100%;\"><i style=\"border-color:#1d1d1f;border-width:0px;background-color:#ad1f5f;box-sizing:content-box;height:48px;width:48px;line-height:48px;border-radius:100%;position:relative;top:auto;left:auto;margin:0;border-radius:100%;color:var(--awb-color1);font-size:24px;\" aria-hidden=\"true\" class=\"fontawesome-icon fa-address-book fas circle-yes\"><\/i><\/span><\/div><h3 class=\"content-box-heading fusion-responsive-typography-calculated\" style=\"font-size:28px;--fontSize:28;line-height:var(--awb-typography1-line-height);\">Pierwsza konsultacja + jad\u0142ospis na 7 dni \u2013 370 z\u0142<\/h3><\/div><div class=\"fusion-clearfix\"><\/div><div class=\"content-container\" style=\"padding-left:70px;color:#727279;\">\n<p>W cenie konsultacji otrzymasz:<\/p>\n<ul>\n<li>wizyt\u0119 w formie online trwaj\u0105c\u0105 mi\u0119dzy 45 a 60 minut (zale\u017cnie od potrzeb), w trakcie kt\u00f3rej om\u00f3wimy Twoje cele, preferencje, przebieg wsp\u00f3\u0142pracy, przeprowadz\u0119 r\u00f3wnie\u017c dok\u0142adny wywiad \u017cywieniowy, kt\u00f3ry pozwoli mi u\u0142o\u017cy\u0107 jad\u0142ospis idealnie dostosowany do Twoich potrzeb<\/li>\n<li>jad\u0142ospis* 7-dniowy dostosowany do Twoich preferencji i cel\u00f3w** (na adres mailowy i konto pacjenta)<\/li>\n<li>dost\u0119p do konta pacjenta w programie dietetycznym<\/li>\n<li>zalecenia \u017cywieniowe dostosowane do stanu zdrowia, wynik\u00f3w bada\u0144 i indywidualnych potrzeb<\/li>\n<li>sugestie dotycz\u0105ce bada\u0144 laboratoryjnych koniecznych do wykonania (je\u017celi jest taka potrzeba) i sugesti\u0119 dotycz\u0105c\u0105 ewentualnej suplementacji<\/li>\n<li>list\u0119 zakup\u00f3w<\/li>\n<li>wygodny plan posi\u0142k\u00f3w (np. do powieszenia na lod\u00f3wce)<\/li>\n<li>wsparcie mailowe\/w programie dietetycznym (odpowiedzi na pytania i w\u0105tpliwo\u015bci dot. zalece\u0144 lub jad\u0142ospisu \u2013 nie wi\u0119cej ni\u017c 3)<\/li>\n<\/ul>\n<p>*  jad\u0142ospis, zalecenia, plan posi\u0142k\u00f3w, list\u0119 zakup\u00f3w oraz dost\u0119p do konta pacjenta otrzymasz w ci\u0105gu 5 dni roboczych od dnia wizyty<\/p>\n<p>** &#8211; posi\u0142ki mog\u0105 si\u0119 powtarza\u0107 lub by\u0107 codziennie inne \u2013 zale\u017cnie od Twoich preferencji (ustalamy to w trakcie konsultacji)<\/p>\n<\/div><div class=\"content-box-shortcode-timeline-vertical\" style=\"border-color:#ad1f5f;left:75px;top:60px;-webkit-transition-duration: 350ms;animation-duration: 350ms;\"><\/div><\/div><\/div><div class=\"fusion-column content-box-column content-box-column content-box-column-2 col-lg-12 col-md-12 col-sm-12 fusion-content-box-hover content-box-column-last-in-row\"><div class=\"col content-box-wrapper content-wrapper-background link-area-link-icon content-icon-wrapper-yes icon-wrapper-hover-animation-pulsate fusion-animated\" style=\"background-color:#f1f4f6;\" data-animationType=\"fadeIn\" data-animationDuration=\"0.25\" data-animationOffset=\"top-into-view\"><div class=\"heading heading-with-icon icon-left\" style=\"margin-top:11px;\"><div class=\"icon\" style=\"margin-top:-11px;margin-bottom:-11px;-webkit-animation-duration: 350ms;animation-duration: 350ms;\"><span style=\"height:48px;width:48px;line-height:24px;border-color:#ad1f5f;border-width:1px;border-style:solid;background-color:#ad1f5f;margin-right:20px;box-sizing:content-box;border-radius:100%;\"><i style=\"border-color:#1d1d1f;border-width:0px;background-color:#ad1f5f;box-sizing:content-box;height:48px;width:48px;line-height:48px;border-radius:100%;position:relative;top:auto;left:auto;margin:0;border-radius:100%;color:var(--awb-color1);font-size:24px;\" aria-hidden=\"true\" class=\"fontawesome-icon fa-address-book fas circle-yes\"><\/i><\/span><\/div><h3 class=\"content-box-heading fusion-responsive-typography-calculated\" style=\"font-size:28px;--fontSize:28;line-height:var(--awb-typography1-line-height);\">Pierwsza konsultacja + jad\u0142ospis na 14 dni \u2013 490 z\u0142<\/h3><\/div><div class=\"fusion-clearfix\"><\/div><div class=\"content-container\" style=\"padding-left:70px;color:#727279;\">\n<p>W cenie konsultacji otrzymasz:<\/p>\n<ul>\n<li>wizyt\u0119 w formie online trwaj\u0105c\u0105 mi\u0119dzy 45 a 60 minut (zale\u017cnie od potrzeb), w trakcie kt\u00f3rej om\u00f3wimy Twoje cele, preferencje, przebieg wsp\u00f3\u0142pracy, przeprowadz\u0119 r\u00f3wnie\u017c dok\u0142adny wywiad \u017cywieniowy, kt\u00f3ry pozwoli mi u\u0142o\u017cy\u0107 jad\u0142ospis idealnie dostosowany do Twoich potrzeb<\/li>\n<li>jad\u0142ospis 14-dniowy dostosowany do Twoich preferencji i cel\u00f3w (na adres mailowy i konto pacjenta)<\/li>\n<li>dost\u0119p do konta pacjenta w programie dietetycznym<\/li>\n<li>zalecenia \u017cywieniowe dostosowane do stanu zdrowia, wynik\u00f3w bada\u0144 i indywidualnych potrzeb<\/li>\n<li>sugestie dotycz\u0105ce bada\u0144 laboratoryjnych koniecznych do wykonania (je\u017celi jest taka potrzeba)<\/li>\n<li>list\u0119 zakup\u00f3w<\/li>\n<li>wygodny plan posi\u0142k\u00f3w (np. do powieszenia na lod\u00f3wce)<\/li>\n<li>wsparcie mailowe\/w programie dietetycznym (odpowiedzi na pytania i w\u0105tpliwo\u015bci dot. zalece\u0144 lub jad\u0142ospisu \u2013 nie wi\u0119cej ni\u017c 7)<\/li>\n<\/ul>\n<p>*\u00a0 jad\u0142ospis, zalecenia, plan posi\u0142k\u00f3w, list\u0119 zakup\u00f3w oraz dost\u0119p do konta pacjenta otrzymasz w ci\u0105gu 5 dni roboczych od dnia wizyty<\/p>\n<p>** &#8211; w jad\u0142ospisie dopuszczam powt\u00f3rzenia (maksymalnie dwukrotne) 5 posi\u0142k\u00f3w (poza obiadami \u2013 ka\u017cdy obiad w jad\u0142ospisie jest inny). Oczywi\u015bcie je\u017celi chcesz, \u017ceby Twoje posi\u0142ki by\u0142y bardziej powtarzalne, r\u00f3wnie\u017c istnieje taka mo\u017cliwo\u015b\u0107 \u2013 ustalimy to w trakcie konsultacji online<\/p>\n<\/div><div class=\"content-box-shortcode-timeline-vertical\" style=\"border-color:#ad1f5f;left:75px;top:60px;-webkit-transition-duration: 350ms;animation-duration: 350ms;\"><\/div><\/div><\/div><div class=\"fusion-column content-box-column content-box-column content-box-column-3 col-lg-12 col-md-12 col-sm-12 fusion-content-box-hover content-box-column-last-in-row\"><div class=\"col content-box-wrapper content-wrapper-background link-area-link-icon content-icon-wrapper-yes icon-wrapper-hover-animation-pulsate fusion-animated\" style=\"background-color:#f1f4f6;\" data-animationType=\"fadeIn\" data-animationDuration=\"0.25\" data-animationOffset=\"top-into-view\"><div class=\"heading heading-with-icon icon-left\" style=\"margin-top:11px;\"><div class=\"icon\" style=\"margin-top:-11px;margin-bottom:-11px;-webkit-animation-duration: 350ms;animation-duration: 350ms;\"><span style=\"height:48px;width:48px;line-height:24px;border-color:#ad1f5f;border-width:1px;border-style:solid;background-color:#ad1f5f;margin-right:20px;box-sizing:content-box;border-radius:100%;\"><i style=\"border-color:#1d1d1f;border-width:0px;background-color:#ad1f5f;box-sizing:content-box;height:48px;width:48px;line-height:48px;border-radius:100%;position:relative;top:auto;left:auto;margin:0;border-radius:100%;color:var(--awb-color1);font-size:24px;\" aria-hidden=\"true\" class=\"fontawesome-icon fa-address-book fas circle-yes\"><\/i><\/span><\/div><h3 class=\"content-box-heading fusion-responsive-typography-calculated\" style=\"font-size:28px;--fontSize:28;line-height:var(--awb-typography1-line-height);\">Konsultacja kontrolna (druga lub kolejna) \u2013 bez nowego jad\u0142ospisu \u2013 220 z\u0142<\/h3><\/div><div class=\"fusion-clearfix\"><\/div><div class=\"content-container\" style=\"padding-left:70px;color:#727279;\">\n<p>W cenie konsultacji otrzymasz:<\/p>\n<ul>\n<li>konsultacj\u0119 online trwaj\u0105c\u0105 ok. 30-40 minut, na kt\u00f3rej om\u00f3wimy bie\u017c\u0105ce problemy, b\u0119dziemy pracowa\u0107 nad nawykami \u017cywieniowymi, a tak\u017ce poszukamy przyczyn pope\u0142nianych b\u0142\u0119d\u00f3w i ich rozwi\u0105za\u0144 (zale\u017cnie od potrzeb)<\/li>\n<\/ul>\n<\/div><div class=\"content-box-shortcode-timeline-vertical\" style=\"border-color:#ad1f5f;left:75px;top:60px;-webkit-transition-duration: 350ms;animation-duration: 350ms;\"><\/div><\/div><\/div><div class=\"fusion-column content-box-column content-box-column content-box-column-4 col-lg-12 col-md-12 col-sm-12 fusion-content-box-hover content-box-column-last-in-row\"><div class=\"col content-box-wrapper content-wrapper-background link-area-link-icon content-icon-wrapper-yes icon-wrapper-hover-animation-pulsate fusion-animated\" style=\"background-color:#f1f4f6;\" data-animationType=\"fadeIn\" data-animationDuration=\"0.25\" data-animationOffset=\"top-into-view\"><div class=\"heading heading-with-icon icon-left\" style=\"margin-top:11px;\"><div class=\"icon\" style=\"margin-top:-11px;margin-bottom:-11px;-webkit-animation-duration: 350ms;animation-duration: 350ms;\"><span style=\"height:48px;width:48px;line-height:24px;border-color:#ad1f5f;border-width:1px;border-style:solid;background-color:#ad1f5f;margin-right:20px;box-sizing:content-box;border-radius:100%;\"><i style=\"border-color:#1d1d1f;border-width:0px;background-color:#ad1f5f;box-sizing:content-box;height:48px;width:48px;line-height:48px;border-radius:100%;position:relative;top:auto;left:auto;margin:0;border-radius:100%;color:var(--awb-color1);font-size:24px;\" aria-hidden=\"true\" class=\"fontawesome-icon fa-address-book fas circle-yes\"><\/i><\/span><\/div><h3 class=\"content-box-heading fusion-responsive-typography-calculated\" style=\"font-size:28px;--fontSize:28;line-height:var(--awb-typography1-line-height);\">Konsultacja kontrolna (druga lub kolejna) + nowy jad\u0142ospis na 7 dni \u2013 340 z\u0142<\/h3><\/div><div class=\"fusion-clearfix\"><\/div><div class=\"content-container\" style=\"padding-left:70px;color:#727279;\">\n<p>W cenie konsultacji otrzymasz:<\/p>\n<ul>\n<li>konsultacj\u0119 online trwaj\u0105c\u0105 ok. 30-40 minut, na kt\u00f3rej om\u00f3wimy bie\u017c\u0105ce problemy, b\u0119dziemy pracowa\u0107 nad nawykami \u017cywieniowymi, a tak\u017ce poszukamy przyczyn pope\u0142nianych b\u0142\u0119d\u00f3w i ich rozwi\u0105za\u0144 (zale\u017cnie od potrzeb)<\/li>\n<li>zupe\u0142nie nowy jad\u0142ospis 7-dniowy<\/li>\n<li>list\u0119 zakup\u00f3w<\/li>\n<li>wygodny plan posi\u0142k\u00f3w (np. do powieszenia na lod\u00f3wce)<\/li>\n<li>wsparcie mailowe\/w programie dietetycznym (odpowiedzi na pytania i w\u0105tpliwo\u015bci dot. zalece\u0144 lub jad\u0142ospisu \u2013 nie wi\u0119cej ni\u017c 5)<\/li>\n<\/ul>\n<p>*\u00a0 jad\u0142ospis, plan posi\u0142k\u00f3w oraz list\u0119 zakup\u00f3w otrzymasz w ci\u0105gu 5 dni roboczych od dnia wizyty<\/p>\n<p>** \u00a0jad\u0142ospis b\u0119dzie zupe\u0142nie nowy, mo\u017ce jednak zawiera\u0107 Twoje ulubione potrawy z poprzedniego jad\u0142ospisu \u2013 wystarczy, \u017ce powiesz mi o tym w trakcie wizyty<\/p>\n<\/div><div class=\"content-box-shortcode-timeline-vertical\" style=\"border-color:#ad1f5f;left:75px;top:60px;-webkit-transition-duration: 350ms;animation-duration: 350ms;\"><\/div><\/div><\/div><div class=\"fusion-column content-box-column content-box-column content-box-column-5 col-lg-12 col-md-12 col-sm-12 fusion-content-box-hover content-box-column-last-in-row\"><div class=\"col content-box-wrapper content-wrapper-background link-area-link-icon icon-hover-animation-pulsate fusion-animated\" style=\"background-color:#f1f4f6;\" data-animationType=\"fadeIn\" data-animationDuration=\"0.25\" data-animationOffset=\"top-into-view\"><div class=\"heading heading-with-icon icon-left\" style=\"margin-top:10px;\"><div class=\"icon\" style=\"margin-top:-10px;margin-bottom:-10px;-webkit-animation-duration: 350ms;animation-duration: 350ms;\"><i style=\"border-color:#1d1d1f;border-width:0px;background-color:#ad1f5f;box-sizing:content-box;height:48px;width:48px;line-height:48px;border-radius:100%;color:var(--awb-color1);font-size:24px;\" aria-hidden=\"true\" class=\"fontawesome-icon fa-address-book fas circle-yes\"><\/i><\/div><h3 class=\"content-box-heading fusion-responsive-typography-calculated\" style=\"font-size:28px;--fontSize:28;line-height:var(--awb-typography1-line-height);\">Ka\u017cdy nowy jad\u0142ospis na 7 dni - 120 z\u0142<\/h3><\/div><div class=\"fusion-clearfix\"><\/div><div class=\"content-container\" style=\"padding-left:68px;color:#727279;\">\n<p>W cenie otrzymasz:<\/p>\n<ul>\n<li>zupe\u0142nie nowy jad\u0142ospis 7-dniowy<\/li>\n<li>list\u0119 zakup\u00f3w<\/li>\n<li>wygodny plan posi\u0142k\u00f3w (np. do powieszenia na lod\u00f3wce)<\/li>\n<\/ul>\n<\/div><div class=\"content-box-shortcode-timeline-vertical\" style=\"border-color:#1d1d1f;left:74px;top:59px;-webkit-transition-duration: 350ms;animation-duration: 350ms;\"><\/div><\/div><\/div><div class=\"fusion-column content-box-column content-box-column content-box-column-6 col-lg-12 col-md-12 col-sm-12 fusion-content-box-hover content-box-column-last content-box-column-last-in-row\"><div class=\"col content-box-wrapper content-wrapper-background link-area-link-icon content-icon-wrapper-yes icon-wrapper-hover-animation-pulsate fusion-animated\" style=\"background-color:#f1f4f6;\" data-animationType=\"fadeIn\" data-animationDuration=\"0.25\" data-animationOffset=\"top-into-view\"><div class=\"heading heading-with-icon icon-left\" style=\"margin-top:11px;\"><div class=\"icon\" style=\"margin-top:-11px;margin-bottom:-11px;-webkit-animation-duration: 350ms;animation-duration: 350ms;\"><span style=\"height:48px;width:48px;line-height:24px;border-color:#ad1f5f;border-width:1px;border-style:solid;background-color:#ad1f5f;margin-right:20px;box-sizing:content-box;border-radius:100%;\"><i style=\"border-color:#1d1d1f;border-width:0px;background-color:#ad1f5f;box-sizing:content-box;height:48px;width:48px;line-height:48px;border-radius:100%;position:relative;top:auto;left:auto;margin:0;border-radius:100%;color:var(--awb-color1);font-size:24px;\" aria-hidden=\"true\" class=\"fontawesome-icon fa-address-book fas circle-yes\"><\/i><\/span><\/div><h3 class=\"content-box-heading fusion-responsive-typography-calculated\" style=\"font-size:28px;--fontSize:28;line-height:var(--awb-typography1-line-height);\">Konsultacja jednorazowa (bez jad\u0142ospisu) \u2013 250 z\u0142<\/h3><\/div><div class=\"fusion-clearfix\"><\/div><div class=\"content-container\" style=\"padding-left:70px;color:#727279;\">\n<p>W cenie konsultacji otrzymasz:<\/p>\n<ul>\n<li>konsultacj\u0119 online trwaj\u0105c\u0105 mi\u0119dzy 45 a 60 minut na kt\u00f3rej om\u00f3wimy Twoje problemy \u017cywieniowe, a tak\u017ce poszukamy przyczyn pope\u0142nianych b\u0142\u0119d\u00f3w i ich rozwi\u0105za\u0144 (zale\u017cnie od potrzeb)<\/li>\n<li>podsumowanie wizyty i zalecenia \u017cywieniowe dopasowane do Twoich potrzeb<\/li>\n<\/ul>\n<\/div><div class=\"content-box-shortcode-timeline-vertical\" style=\"border-color:#ad1f5f;left:75px;top:60px;-webkit-transition-duration: 350ms;animation-duration: 350ms;\"><\/div><\/div><\/div><style type=\"text\/css\">\n\t\t\t\t\t\t.fusion-content-boxes-1 .fusion-content-box-hover .heading-link:hover .icon i.circle-yes,\n\t\t\t\t\t\t.fusion-content-boxes-1 .fusion-content-box-hover .link-area-box:hover .heading-link .icon i.circle-yes,\n\t\t\t\t\t\t.fusion-content-boxes-1 .fusion-content-box-hover .link-area-link-icon-hover .heading .icon i.circle-yes,\n\t\t\t\t\t\t.fusion-content-boxes-1 .fusion-content-box-hover .link-area-box-hover .heading .icon i.circle-yes {\n\t\t\t\t\t\t\tbackground-color: #1d1d1f !important;\n\t\t\t\t\t\t\tborder-color: #1d1d1f !important;\n\t\t\t\t\t\t}<\/style><div class=\"fusion-clearfix\"><\/div><\/div><\/div><style type=\"text\/css\">.fusion-body .fusion-builder-column-1{width:100% !important;margin-top : 0px;margin-bottom : 0px;}.fusion-builder-column-1 > .fusion-column-wrapper {padding-top : 0px !important;padding-right : 0px !important;margin-right : 1.92%;padding-bottom : 0px !important;padding-left : 0px !important;margin-left : 1.92%;}@media only screen and (max-width:1024px) {.fusion-body .fusion-builder-column-1{width:100% !important;order : 0;}.fusion-builder-column-1 > .fusion-column-wrapper {margin-right : 1.92%;margin-left : 1.92%;}}@media only screen and (max-width:640px) {.fusion-body .fusion-builder-column-1{width:100% !important;order : 0;}.fusion-builder-column-1 > .fusion-column-wrapper {margin-right : 1.92%;margin-left : 1.92%;}}<\/style><\/div><\/div><style type=\"text\/css\">.fusion-body .fusion-flex-container.fusion-builder-row-2{ padding-top : ;margin-top : 0px;padding-right : ;padding-bottom : ;margin-bottom : 0px;padding-left : ;}<\/style><\/div><\/p>\n","protected":false},"excerpt":{"rendered":"","protected":false},"author":1,"featured_media":0,"parent":0,"menu_order":0,"comment_status":"closed","ping_status":"closed","template":"100-width.php","meta":[],"_links":{"self":[{"href":"https:\/\/aleksandrakurendietetyk.pl\/index.php\/wp-json\/wp\/v2\/pages\/307"}],"collection":[{"href":"https:\/\/aleksandrakurendietetyk.pl\/index.php\/wp-json\/wp\/v2\/pages"}],"about":[{"href":"https:\/\/aleksandrakurendietetyk.pl\/index.php\/wp-json\/wp\/v2\/types\/page"}],"author":[{"embeddable":true,"href":"https:\/\/aleksandrakurendietetyk.pl\/index.php\/wp-json\/wp\/v2\/users\/1"}],"replies":[{"embeddable":true,"href":"https:\/\/aleksandrakurendietetyk.pl\/index.php\/wp-json\/wp\/v2\/comments?post=307"}],"version-history":[{"count":12,"href":"https:\/\/aleksandrakurendietetyk.pl\/index.php\/wp-json\/wp\/v2\/pages\/307\/revisions"}],"predecessor-version":[{"id":1394,"href":"https:\/\/aleksandrakurendietetyk.pl\/index.php\/wp-json\/wp\/v2\/pages\/307\/revisions\/1394"}],"wp:attachment":[{"href":"https:\/\/aleksandrakurendietetyk.pl\/index.php\/wp-json\/wp\/v2\/media?parent=307"}],"curies":[{"name":"wp","href":"https:\/\/api.w.org\/{rel}","templated":true}]}}